
What is -1 + 0 + 4 + -3 - 0?
0
What is the value of (-5 - (-2 + -3)) + -5?
-5
What is -3 - ((2 - -2) + 0 - 10)?
3
What is the value of (1 - ((-1 - -3) + -1)) + 4?
4
Evaluate (-5 - (-3 - 4)) + 1.
3
What is the value of -6 + 5 + (-3 + -3 - -3)?
-4
What is 2 - 4 - 2 - (-63 + 58)?
1
(1 - (1 + 1)) + -8 + 4
-5
What is the value of 1 - 7 - (13 + -11 + -8)?
0
What is (3 - 0 - (0 - 2)) + -2?
3
Evaluate (-2 - (-4 + -1)) + -7.
-4
Calculate 2 - (-3 - 1 - (-7 - -6)).
5
What is the value of 1 + -3 + 4 + -8 + 1?
-5
Evaluate 93 + -78 - (15 - 2).
2
1 + -2 + 0 + 0 + -1
-2
Evaluate (-1 - 0 - 2) + 66 + -62.
1
What is 0 + 9 + -2 - (20 + -12)?
-1
What is the value of -1 - 6 - (9 - 21)?
5
(7 - 8) + (-1 + 0 - -2)
0
What is 1 + 1 - 2 - 5?
-5
Evaluate 8 + -4 - (4 + (8 - 4)).
-4
Evaluate -4 + 18 - (-3 - -14).
3
What is -2 + 6 - (-6 + 8) - 5?
-3
What is the value of (0 - -1) + (-3 - 1)?
-3
Calculate 3 - (-1 + 2) - (6 + -10).
6
Evaluate -6 + (-3 - (-1 + -7)).
-1
-9 - (5 - (-4 - -14))
-4
(-4 - -1) + (-38 - -39)
-2
Evaluate -4 + 3 - (1 + -4).
2
-5 + 8 - -6 - 6
3
What is the value of -4 + (-12 + 15 - (0 - -1))?
-2
Calculate 6 + -5 - (0 + -2).
3
Calculate 4 + -2 + -1 + -6.
-5
What is the value of 1 + 4 - 9 - -12?
8
What is the value of 8 + -2 + (-2 - 4 - -1)?
1
Calculate -14 - (5 + -8) - -13.
2
-4 + 6 + -4 + -3
-5
What is the value of 5 - ((-2 - 1) + 5)?
3
What is 0 - 2 - (4 - 17 - -4)?
7
Evaluate 4 - 0 - (1 + 1 - -1).
1
Calculate 6 - (6 + -5) - (-3 - -3).
5
-4 + 9 + 3 + (0 - 4)
4
Calculate 2 - (-4 + 10 - 1).
-3
Calculate -21 - -19 - (1 + 0 - 2).
-1
Calculate 4 + -1 + (10 - 11) + -4.
-2
-3 + (3 - (2 - (0 - -2)))
0
(9 - 1) + -5 + -11 + 8
0
Evaluate -3 - (2 + -3) - (2 + 0).
-4
Evaluate 5 - (5 - 3 - 1).
4
Calculate 0 - ((2 - 0) + 0).
-2
What is the value of 0 + -5 + 7 - (-1 + -2)?
5
What is the value of 3 - (0 + -1) - 2?
2
Calculate 4 + (4 - (5 - 6)).
9
What is the value of -4 - (-2 + 9) - -5?
-6
What is -7 + -3 + 12 - -6?
8
What is (80 - 74) + (-1 - 10)?
-5
What is the value of -1 - (0 + -3 + -4 + 7)?
-1
-2 + 0 - (1 - (-7 - -14))
4
Evaluate (12 - 9) + (0 - (0 - -1)).
2
Evaluate 7 - (4 + 1) - 2.
0
Evaluate (1 - 14) + 5 - -9.
1
Evaluate 2 + (-4 + -7 - -2).
-7
What is 22 + -15 - (-2 + -3 + 22)?
-10
What is (10 - 3 - 4) + 0?
3
Evaluate 8 + 0 + -5 - (1 + 2).
0
Calculate (8 - 5 - 4) + -4.
-5
What is -1 - -2 - (19 + -8 - 13)?
3
0 - (1 + (-6 - -1) - 3)
7
Evaluate -4 + -2 + (2 - 0 - 3).
-7
What is -3 + (12 + 0 - 4)?
5
Evaluate -9 - ((10 - 9) + -10).
0
What is the value of 2 + 13 + -9 + -10?
-4
Evaluate (1 - -4) + (63 - 64).
4
Calculate (2 - 1) + (-12 - (3 + -16)).
2
Evaluate (0 - -3) + -3 - -3.
3
What is (-6 - (5 + 1 + -3)) + 1?
-8
(0 - 1) + (-1 - -4) + 0
2
Evaluate 1 + (2 - 4) + -9 + 5.
-5
What is -1 - 1 - (3 + -3 - 2)?
0
What is the value of -6 - (3 + -7) - -5?
3
What is the value of 4 + 2 + 0 - 2?
4
Evaluate (-1 - 0) + (5 - 2) + 2.
4
What is 0 - (-4 - -9 - -2)?
-7
Evaluate -15 + 11 - (0 - 4).
0
-1 + -1 + -3 + 1 + 0
-4
What is -1 + 3 + (-2 - 2) + -1?
-3
What is the value of (-11 - -7 - -1 - 1) + 5?
1
-1 + (5 - (-2 - -4))
2
What is 37 + -41 - (-4 - (2 + -3))?
-1
What is (-1 - (1 + -5)) + (-151 - -143)?
-5
Evaluate (-3 - (-5 + -3)) + 2.
7
What is the value of -3 + -1 + 3 + 1 + 1?
1
Calculate (-1 + -1 - -2) + 1 + 0.
1
What is 11 + -6 - -3 - 19?
-11
-4 - -3 - (-9 - -1)
7
Calculate -5 - (-6 - (-1 + 1)).
1
Evaluate 7 - 9 - (2 - 1) - -2.
-1
What is 6 + (5 - 4) + -6 + 2?
3
Evaluate 4 + 3 + -14 + 8.
1
Evaluate 2 - 5 - (-18 + 15) - -1.
1
What is (-1 - -5) + (11 - (-5 + 12))?
8
What is (9 - -2) + 0 - (145 - 142)?
8
What is (-2 - -3 - 10) + -10 + 15?
-4
Evaluate (19 - 6 - 4) + -9 + 1.
1
Evaluate -7 - (7 - (6 - -9)).
1
What is -8 + (-4 - -18) + -1?
5
-7 + -11 + 9 + (-1 - -7)
-3
What is the value of 12 + -11 - 8 - -4?
-3
What is 2 - 0 - (-36 + 35)?
3
What is the value of -4 + (-4 - -4) + 5 + 0?
1
Calculate -10 - (7 + (-2 - 16)).
1
-16 + (13 - -1 - 3)
-5
19 + -4 - 5 - 5
5
(-10 - 0) + 8 - (1 + 1)
-4
Evaluate -18 - -18 - (3 - 8 - -4).
1
Calculate (-4 + -4 - -6) + 7.
5
What is the value of -3 + 2 - -2 - (-11 + 9)?
3
-4 - (3 + -4 - 0) - -4
1
Evaluate (-8 - (2 - 7)) + (-1 - -4).
0
What is the value of 2 + (2 + (2 - 2) - 8)?
-4
Calculate 0 + (1 - 7) + 5.
-1
What is 2 - (1 + -10) - 6?
5
Calculate 3 - (3 - -2) - 2.
-4
3 - (4 + 3 + -5)
1
What is 1 + (2 - (2 + 1))?
0
0 + 3 - 5 - (-7 + 10)
-5
1 - (3 + 0 - (-2 - -1))
-3
Calculate (11 - 27) + 9 + 7.
0
Evaluate -117 + 122 + -1 + (-2 - 1).
1
What is the value of -9 - (-6 + 1) - -3?
-1
-4 + (7 - -1 - 6) + 2
0
Evaluate 4 + (-2 - (2 - 3) - 2).
1
Evaluate -10 + 14 + -1 + -7.
-4
Evaluate (12 - (0 + 6)) + 4 + -12.
-2
Calculate -73 + 82 - (1 - -8).
0
Evaluate 1 + -7 - -3 - 0.
-3
(-2 - -2) + -2 + (0 - -5)
3
1 + (-4 - 3) + 5 + -2
-3
-2 + 1 - (1 - 1)
-1
What is the value of 12 + (4 - 16) + 4 + 1?
5
What is the value of (-4 - -8) + 2 - 4?
2
What is the value of -10 - (6 + -4 + -19)?
7
What is the value of 2 + (-6 - (0 - 5)) + 1?
2
1 + (-16 - -12) + (1 - -2)
0
What is the value of 5 + -6 + 0 + 2?
1
Evaluate (-4 - -11 - 8) + (5 - 1).
3
What is the value of 2 - -1 - (-6 - -9)?
0
Evaluate -8 + (11 + 3 - 10).
-4
Calculate 2 + 3 + 4 + -7.
2
Evaluate -6 + (5 - 7) + 5.
-3
Calculate -4 - (2 + 1 + (-3 - -4)).
-8
2 + -4 + 2 - (2 + -3)
1
Calculate (2 - -1 - (18 + -11)) + 1.
-3
What is the value of (-2 - -17) + -3 - 15?
-3
(-4 - (-8 + (3 - 1))) + 5
7
What is the value of (5 - 3) + -4 - -5?
3
What is the value of -2 + 1 + -4 + -4 - -6?
-3
What is the value of 0 - (4 + -5) - 3?
-2
Calculate (28 - 21) + -8 - (5 + 1).
-7
What is -3 - (-1 + (5 - 5))?
-2
0 + (-5 - -4) + -2
-3
What is the value of -2 + 7 - (7 + -16 - -8)?
6
Evaluate 11 + -3 + -3 + -5.
0
Evaluate 6 - 2 - (11 - 19 - -8).
4
Calculate 7 - (4 - -6 - (-8 + 14)).
3
Evaluate 1 - (-4 + 4 + 3).
-2
Evaluate 4 - (2 - -1 - (11 - 12)).
0
5 + 8 + -11 + -8 + -1
-7
Evaluate -3 + (-4 - -5) + (-1 - 3).
-6
What is -6 + -7 - (-7 - 3)?
-3
What is 2 + 1 + 7 - 4?
6
Evaluate -5 + 9 + -6 + 1 + -3.
-4
Evaluate -4 + 3 + -1 - -7.
5
(5 + -5 - -3 - 10) + -2
-9
What is 7 + -11 + (-3 - -6)?
-1
What is the value of (4 - (1 - (-7 - -10))) + 1?
7
2 - -4 - ((-5 - -2) + 4)
5
-85 + 77 - (0 + 0)
-8
Evaluate -6 + (2 - -4) + (0 - 5).
-5
-2 + 0 + (2 - -3)
3
Evaluate -6 + 2 - (-3 - -3).
-4
0 - (-5 - (1 - 2))
4
Evaluate 2 - 0 - (-42 - -39).
5
What is the value of 0 - 11 - (-1 + 4 - 9)?
-5
Evaluate 4 + -4 - 1 - (14 + -14).
-1
What is the value of 4 + -1 - (1 + -3)?
5
-4 + (3 - (3 - 3)) - 0
-1
What is the value of 28 + -27 - (1 - 4)?
4
What is the value of -54 + 59 + (0 - 11)?
-6
Evaluate 1 - 1 - (1 - 7).
6
What is 5 + -5 + 0 + 1 - -2?
3
What is -5 - (-7 - (4 + -11))?
-5
What is the value of -5 + 2 - (-3 + -4 + 3)?
1
Evaluate 11 + -1 + -4 - (14 + 1).
-9
Calculate -6 + 1 - (-1 + 3 + -1).
-6
-4 + 1 - (-2 - 0)
-1
2 + 0 + -10 + 6
-2
What is -5 + 7 - -2 - 0?
4
What is 4 - (3 - (-2 + 5))?
4
Calculate 2 - -4 - (-5 - (16 - 16)).
11
0 + -3 - (6 - 9)
0
Calculate 14 - 13 - (-4 + 2 + 4).
-1
(-1 - -2) + -2 + 3 + 0
2
-1 + 0 - (-24 + 19)
4
Evaluate (2 - (5 - 12)) + -5.
4
Evaluate 20 + -9 + -9 + (-1 - -8).
9
0 + (0 - (-2 - -4) - -6)
4
-1 - -3 - (-3 + 0) - 3
2
Calculate -7 + (0 - -4) + -5 + 6.
-2
7 + -1 + (-2 - (2 + -2))
4
(-6 + 6 - 2) + 0
-2
What is 5 + (-7 - -5) - 8?
-5
4 - 3 - (-1 - -3)
-1
Evaluate -5 + 11 + -6 - 5.
-5
-6 - -6 - -2 - -2
4
What is 4 + -2 - (6 - (7 + -8))?
-5
Calculate 5 - (4 - -6) - 1.
-6
What is -2 + -4 - (-8 + 7)?
-5
Calculate 8 - (-2 - 0 - -5 - 0).
5
Evaluate 0 - 2 - (5 + -10).
3
Calculate -14 - (4 - (3 + 1) - 5).
-9
Calculate -5 + -16 + 11 + 2 + 13.
5
What is the value of (1 - -1) + -1 + -2 + -1?
-2
What is the value of 22 + -15 + -12 + 1?
-4
What is the value of -12 + 1 + (11 + -6 - 1)?
-7
-9 - (1 + 4 + -17)
3
Calculate -7 - (4 + (2 - 2) - 6).
-5
Evaluate -3 + 12 - 8 - 8.
-7
Evaluate 2 - (11 - 3) - 1.
-7
What is the value of 5 - 1 - (16 - 6 - 5)?
-1
What is 5 - 2 - (6 + 9 + -10)?
-2
-12 - (1 - 4) - (-4 + 1)
-6
What is -15 + 9 - (-1 - 2)?
-3
Evaluate (11 - 4 - 4) + 1.
4
Calculate 5 - (-1 - (-9 - -9)).
6
4 + (-6 + 9 - (0 - -4))
3
Evaluate (0 - (-3 - -3) - 8) + 3.
-5
(-3 - 0) + 3 - -3
3
What is the value of -1 + (5 - 2) - (5 - -1)?
-4
What is the value of -16 + -6 + 19 - (-2 + 1)?
-2
0 - ((6 - 1) + -2)
-3
What is the value of 5 - (7 - (2 + 3)) - 5?
-2
Calculate -1